{"id":332,"date":"2019-08-05T21:22:57","date_gmt":"2019-08-05T21:22:57","guid":{"rendered":"http:\/\/plansowki.ksf.org.pl\/?page_id=278"},"modified":"2019-08-05T21:22:57","modified_gmt":"2019-08-05T21:22:57","slug":"czas-i-miejsce-2","status":"publish","type":"page","link":"http:\/\/plansowki.ksf.org.pl\/?page_id=332","title":{"rendered":"Czas i miejsce"},"content":{"rendered":"<p><strong>Czas trwania:<\/strong><\/p>\n<p>5 pa\u017adziernik (sobota) 10:00-18:00<\/p>\n<p>6 pa\u017adziernik (niedziela) 10:00 &#8211; 18:00<\/p>\n<p><strong>Koszt<\/strong>: 5 z\u0142<\/p>\n<p><strong>Miejsce<\/strong>: <a title=\"MDK przy Grunwaldzkiej 5\" href=\"http:\/\/www.mdkgrunwaldzka5.pl\/\" target=\"_blank\" rel=\"noopener noreferrer\">MDK  Grunwaldzka 5<\/a> \/\/ <a title=\"Siemacha Spot przy Mogilskiej 58\" href=\"http:\/\/siemachaspot.pl\/placowki\/spot-mogilska-58\" target=\"_blank\" rel=\"noopener noreferrer\">Siemacha SPOT<\/a><\/p>\n<p><strong>Nocleg<\/strong>: We w\u0142asnym zakresie. Brak nocleg\u00f3w na terenie wydarzenia.<\/p>\n<p><a href=\"https:\/\/goo.gl\/maps\/sN5uNwqvyvq\" target=\"_blank\" rel=\"noopener noreferrer\"><img loading=\"lazy\" decoding=\"async\" class=\"alignnone wp-image-27\" src=\"http:\/\/lajconik.ksf.org.pl\/wp-content\/uploads\/2014\/01\/lajco_mapa.jpg\" alt=\"lajco_mapa\" width=\"708\" height=\"287\" \/><\/a><\/p>\n<p><strong>Dojazd:<\/strong><\/p>\n<p><strong>Od strony centrum miasta<\/strong> (i od <strong>Dworca G\u0142\u00f3wnego<\/strong>): ka\u017cdy tramwaj i autobus jad\u0105cy do przystanku <strong>Rondo Mogilskie<\/strong>, gdzie nale\u017cy wysi\u0105\u015b\u0107 i przej\u015b\u0107 kilkaset metr\u00f3w do skrzy\u017cowania ulicy Mogilskiej z Grunwaldzk\u0105, budynek konwentu b\u0119dzie po lewej stronie.<\/p>\n<p><strong>Od strony Nowej Huty<\/strong>: ka\u017cdy tramwaj jad\u0105cy do przystanku <strong>Cysters\u00f3w<\/strong>, gdzie nale\u017cy wysi\u0105\u015b\u0107 i i przej\u015b\u0107 kilkaset metr\u00f3w wzd\u0142u\u017c ulicy Mogilskiej, do skrzy\u017cowania z Grunwaldzk\u0105, budynek konwentu b\u0119dzie po prawej stronie. Mo\u017cna r\u00f3wnie\u017c dojecha\u0107 (tramwajem lub autobusem) do Ronda Mogilskiego i skorzysta\u0107 z instrukcji \u201eod centrum\u201d.<\/p>\n<p>Budynek konwentu znajduje si\u0119 na rogu <strong>Mogilskiej i Grunwaldzkiej<\/strong>, tam szuka\u0107 tabliczki z napisem M\u0142odzie\u017cowy Dom Kultury, oraz naszych plakat\u00f3w ze strza\u0142kami.<br \/>\n&nbsp;<\/p>\n","protected":false},"excerpt":{"rendered":"<p>Czas trwania: 5 pa\u017adziernik (sobota) 10:00-18:00 6 pa\u017adziernik (niedziela) 10:00 &#8211; 18:00 Koszt: 5 z\u0142 Miejsce: MDK Grunwaldzka 5 \/\/ Siemacha SPOT Nocleg: We w\u0142asnym zakresie. Brak nocleg\u00f3w na terenie wydarzenia. Dojazd: Od strony centrum miasta (i od Dworca G\u0142\u00f3wnego): ka\u017cdy tramwaj i autobus jad\u0105cy do przystanku Rondo Mogilskie, gdzie nale\u017cy wysi\u0105\u015b\u0107 i przej\u015b\u0107 kilkaset &hellip; <a href=\"http:\/\/plansowki.ksf.org.pl\/?page_id=332\" class=\"more-link\">Continue reading <span class=\"screen-reader-text\">Czas i miejsce<\/span><\/a><\/p>\n","protected":false},"author":1,"featured_media":0,"parent":0,"menu_order":0,"comment_status":"closed","ping_status":"closed","template":"","meta":{"footnotes":""},"class_list":["post-332","page","type-page","status-publish","hentry","without-featured-image"],"_links":{"self":[{"href":"http:\/\/plansowki.ksf.org.pl\/index.php?rest_route=\/wp\/v2\/pages\/332","targetHints":{"allow":["GET"]}}],"collection":[{"href":"http:\/\/plansowki.ksf.org.pl\/index.php?rest_route=\/wp\/v2\/pages"}],"about":[{"href":"http:\/\/plansowki.ksf.org.pl\/index.php?rest_route=\/wp\/v2\/types\/page"}],"author":[{"embeddable":true,"href":"http:\/\/plansowki.ksf.org.pl\/index.php?rest_route=\/wp\/v2\/users\/1"}],"replies":[{"embeddable":true,"href":"http:\/\/plansowki.ksf.org.pl\/index.php?rest_route=%2Fwp%2Fv2%2Fcomments&post=332"}],"version-history":[{"count":0,"href":"http:\/\/plansowki.ksf.org.pl\/index.php?rest_route=\/wp\/v2\/pages\/332\/revisions"}],"wp:attachment":[{"href":"http:\/\/plansowki.ksf.org.pl\/index.php?rest_route=%2Fwp%2Fv2%2Fmedia&parent=332"}],"curies":[{"name":"wp","href":"https:\/\/api.w.org\/{rel}","templated":true}]}}